alculate the remainder when 350 is divided by w(-10).
6
Suppose 5*g + c - 260 = 0, 5*g - 406 = c - 136. Calculate the remainder when 76 is divided by g.
23
Suppose -222 + 79 = -13*a. Suppose -l + 2*f = -243, f + a = 13. What is the remainder when l is divided by 62?
61
Suppose 0 = -17*k + 24*k - 28. Suppose 0*p - k*p - 4*m = -36, 5*p + m - 33 = 0. Let o = 5 + -3. Calculate the remainder when p is divided by o.
0
Suppose 0*o + 68*o = 3468. Let z(m) = 3*m + 2. What is the remainder when o is divided by z(8)?
25
Suppose -33*u + 26 = q - 37*u, -2*q + 2*u = -82. Let w = -38 - -212. Calculate the remainder when w is divided by q.
36
Let i(k) = -k**2 + 3*k + 40. Let q be i(-5). Suppose q = 5*g - 6*g + 28. Calculate the remainder when 139 is divided by g.
27
Let y = -20522 + 21256. Calculate the remainder when y is divided by 120.
14
Suppose -12*h = -5*h - 994. Let d = h - 126. What is the remainder when 141 is divided by d?
13
Let n = -92 + 146. Suppose -16 = -2*t - 3*j, 41*t = 43*t + j - 24. Calculate the remainder when n is divided by t.
12
What is the remainder when 187 is divided by (-10192)/(-156)*3/4?
40
Suppose 271 + 40 - 58 = 11*f. Suppose -4*v + 213 = -59. What is the remainder when v is divided by f?
22
Let z be (39/(-6)*-2)/(18/252). Suppose -193*h + 473 = -z*h. Calculate the remainder when 119 is divided by h.
33
What is the remainder when 1043 is divided by 173 + -102 + 5*-1?
53
Suppose 4*l + 9*l - 1950 = 0. Suppose 13*n - l = -2*n. Calculate the remainder when n is divided by 6.
4
Suppose -a - 35*y + 28*y = -126, -2*a = -2*y - 204. What is the remainder when 601 is divided by a?
76
Suppose -5*l + 3*s + 16 = 0, 5*s - 2 + 10 = -l. Suppose 2*d + 64 = l*w, -3*d + 40 = 3*w - 56. What is the remainder when 282 is divided by w?
26
Suppose 1 = -2*t + 5, 3*f = 3*t + 513. What is the remainder when f is divided by (-25)/6*(-3)/(-2)*-4?
23
Let t(w) = w**2 + 27*w - 878. What is the remainder when t(21) is divided by 63?
4
Let v(i) = -5*i**3 - 5*i**2 + 249*i + 770. What is the remainder when v(-3) is divided by (1/2)/((-2)/(-76))?
18
Calculate the remainder when 21 is divided by ((-5)/2)/(40/(-144)).
3
Suppose 0 = -4*i + 35 + 25. Let h(w) = w - 14. Let r be h(i). What is the remainder when 40 is divided by 2/3*(22 - r)?
12
Suppose 0 = r - 4*h - 126 - 72, 0 = -5*r - 2*h + 1100. What is the remainder when 1097 is divided by r?
7
Let j be (-2 + 4)*(-27 + 4). Let l = 51 + j. Suppose 0 = -l*z - 5*f, z = 8*f - 3*f + 24. Calculate the remainder when 13 is divided by z.
1
Suppose 5*m - 172 = -6*k, 0 = 159*m - 156*m - 24. What is the remainder when 1769 is divided by k?
9
Suppose 7*n + 353 = 367. Let s(g) = g. Let v be s(2). Calculate the remainder when n is divided by (-3)/3 + 1 + v.
0
What is the remainder when (3/(6/(-382)))/(25/(-75)) is divided by (-7 - 0)/(-7)*64/4?
13
Suppose 0 = -11*d + 72 + 698. What is the remainder when d is divided by 12?
10
Let w = 11270 - 10472. What is the remainder when w is divided by 161?
154
Let u = -53 - -51. Let p be ((0/(-1))/((-4)/(-2)))/u. Calculate the remainder when p + -1 - 70/(-5) is divided by 7.
6
Suppose -4*n + n = -2*v - 9, v + n - 8 = 0. What is the remainder when v is divided by (-3 + 12)/(-3) + 6?
0
Let y(d) be the second derivative of -2*d**3/3 + 21*d**2/2 + 18*d. Let f(g) = 22*g - 1. Calculate the remainder when y(-4) is divided by f(1).
16
Let c(z) = -z**3 + 8*z**2 + 2*z + 31. Let j be c(7). Let r = j - -23. Calculate the remainder when r is divided by 41.
35
Suppose y = -2*t + 120, 26*y - 5*t = 21*y + 525. Calculate the remainder when 293 is divided by y.
73
Suppose 2*b - 9 = -j, -2*j + b = -b - 6. Suppose 32 = 2*x - 5*c, x - 5*x + j*c = -44. Suppose -3*n - x + 21 = 0. Calculate the remainder when 6 is divided by n.
1
Let m = -70 + 75. Suppose 53 - 8 = m*g. Let z(s) = -s**2 + 11*s - 10. What is the remainder when z(g) is divided by 3?
2
Suppose -b = 3*s - 78, -s + 4*b + 11 = -2. Suppose -j - 24 = -2*j - 3*p, 0 = -j + p + 12. Calculate the remainder when s is divided by j.
10
Calculate the remainder when (-13736)/(-120)*3 + 1 + (-7)/5 is divided by 83.
11
Let o(t) = 2*t - 7. Let m(b) = 19*b + 76. What is the remainder when m(-3) is divided by o(6)?
4
Let u(j) = -j**3 - 26*j**2 - 49*j - 103. Let w be u(-25). Suppose 0 = w*p - 494*p - 45. What is the remainder when (35 - 0)*(0 + 1) is divided by p?
5
Suppose 0 = -j + 64 - 8. Let h(n) = -6*n**3 - 97*n**2 - 15*n + 31. Calculate the remainder when j is divided by h(-16).
11
Suppose 0 = 280*l - 266*l - 252. What is the remainder when (-1)/4 + 0 + 3154/8 is divided by l?
16
Let g(s) = -s + 110. Calculate the remainder when 968 is divided by g(82).
16
Let r be 0 + -3*(0 + 1) - 0. Let a be (20/12 + -3)*r. Suppose -a*w + 56 = -0*w + 4*k, 0 = w + 2*k - 19. Calculate the remainder when w is divided by 6.
3
Suppose -w = -5*n + 531, 0 = -3*n - 21*w - 202 + 283. Let d(t) = 17*t + 2. What is the remainder when n is divided by d(2)?
32
Calculate the remainder when 530 is divided by (30 + -16)/28*42.
5
Suppose -5 - 79 = -12*b. Suppose -171 = -16*o + b*o. Let l = 164 - 110. Calculate the remainder when l is divided by o.
16
What is the remainder when (-189)/(-6)*(353 + 121) is divided by 8?
3
Let d = 103 - 100. Suppose 4*f + 28 = 5*g, d*g = -4*f + 3 + 1. What is the remainder when 6 is divided by g?
2
Let l(y) = y**3 + 6*y**2 - 6*y - 1. Let n be (-60)/((-2 + -1)*(-1)/10). Let a = n - -219. Calculate the remainder when l(-4) is divided by a.
17
Let c be (-6)/(-45) + 133*(-5)/(-75). Suppose -2*h - 175 = -c*h. Calculate the remainder when 89 is divided by h.
14
Let j(a) = -a**3 + 9*a**2 + 21*a + 35. What is the remainder when 166 is divided by j(11)?
22
Let q(u) = 5*u**2 + 411*u + 612. What is the remainder when q(-81) is divided by 56?
14
Suppose 0 = -3*r + 9*r - 36. Suppose -2*w = 5*n - 202 + r, 2*w = -2*n + 82. Suppose 3*u - 61 = n. What is the remainder when 97 is divided by u?
31
Suppose v + 4*c - 42 = 3*v, -3*c = 0. Let o(j) = -j**3 - 19*j**2 + 125*j + 131. What is the remainder when 3*8/(-18)*v is divided by o(-24)?
6
What is the remainder when -1 + 4/6 + 139/((-26271)/(-239904)) is divided by 260?
229
Let l = -3577 - -3588. Calculate the remainder when 190/6 - (-10)/(-15) is divided by l.
9
Suppose -3*k - 5*b = -13, -5*k - 3*b = 13 - 56. Let v = k - -17. Let o(h) = 4*h + 45. Calculate the remainder when o(9) is divided by v.
25
Suppose 2*x + 36 = 4*x. Calculate the remainder when (8 - 130/10)*-7 is divided by x.
17
What is the remainder when -29 + 33866/10 + (-2 - 24/(-10)) is divided by 41?
37
Suppose -m = -3*m + 56. Let h(c) = 144*c**3 - c**2 - 9*c + 10. Let a be h(1). Let s = a + -93. Calculate the remainder when s is divided by m.
23
Let y(z) = z**2 + 4*z - 8. Let q be y(8). Suppose 3*m - q = m. Let s = -2110 + 2126. What is the remainder when m is divided by s?
12
Suppose 4*m = -21*m + 600. What is the remainder when 213 is divided by m?
21
Let w = -6257 + 6263. What is the remainder when 24 is divided by w?
0
Let v(q) = -41*q - 133. Suppose -5*a = -3*r + 50, 0 = 2*r - 2*a - 7 - 29. Calculate the remainder when v(-5) is divided by r.
12
Let j = -4 + 7. Suppose -3*a + h = -3*h - 218, 0 = -4*a - j*h + 299. Suppose 78*k - 60 = 74*k. Calculate the remainder when a is divided by k.
14
Let r = -22507 + 22625. What is the remainder when 12035 is divided by r?
117
Let m(d) = -d**3 - 30*d**2 + 62*d - 63. Let i be m(-32). Let h(v) = 53*v - 43. What is the remainder when 39 is divided by h(i)?
9
Let m(t) = -t**3 - 7*t**2 + 51*t + 364. Calculate the remainder when m(-8) is divided by 11.
9
Suppose 17*j = -2*v + 152, -2*v - 13*j + 264 = -10*j. What is the remainder when 1582 is divided by v?
142
Let x(r) = 89*r - 237. Calculate the remainder when 89 is divided by x(3).
29
Let n = 3288 + -2840. What is the remainder when n is divided by 25?
23
Let h be 17 + (1 + 6 - 19). Suppose f + 13*m - 40 = 12*m, -f + 36 = h*m. Let l = 305 - 183. Calculate the remainder when l is divided by f.
40
Let f(a) = 5*a**2 + 123*a - 149. What is the remainder when f(-29) is divided by 41?
38
Calculate the remainder when 42144/108 + -7 - 12/54 is divided by 50.
33
Suppose -2*y - 3*y = -70. Suppose q = -1, u - 18 = -3*u + 2*q. Calculate the remainder when u*1/((-12)/(-153)) + 1 is divided by y.
